{"id":617,"date":"2020-07-14T23:18:01","date_gmt":"2020-07-14T21:18:01","guid":{"rendered":"http:\/\/hofmann-spedition.de\/cms\/?page_id=617"},"modified":"2025-08-29T09:36:56","modified_gmt":"2025-08-29T07:36:56","slug":"zertifizierungen","status":"publish","type":"page","link":"https:\/\/www.hofmann-spedition.de\/cms\/zertifizierungen\/","title":{"rendered":"Zertifizierungen"},"content":{"rendered":"\t\t<div data-elementor-type=\"wp-page\" data-elementor-id=\"617\" class=\"elementor elementor-617\">\n\t\t\t\t\t\t<div class=\"elementor-inner\">\n\t\t\t\t<div class=\"elementor-section-wrap\">\n\t\t\t\t\t\t\t\t\t<section class=\"elementor-section elementor-top-section elementor-element elementor-element-28245a97 elementor-section-boxed elementor-section-height-default elementor-section-height-default\" data-id=\"28245a97\" data-element_type=\"section\">\n\t\t\t\t\t\t<div class=\"elementor-container elementor-column-gap-default\">\n\t\t\t\t\t\t\t<div class=\"elementor-row\">\n\t\t\t\t\t<div class=\"elementor-column elementor-col-100 elementor-top-column elementor-element elementor-element-e4b076d\" data-id=\"e4b076d\" data-element_type=\"column\">\n\t\t\t<div class=\"elementor-column-wrap elementor-element-populated\">\n\t\t\t\t\t\t\t<div class=\"elementor-widget-wrap\">\n\t\t\t\t\t\t<div class=\"elementor-element elementor-element-3dc14c6 elementor-widget elementor-widget-spacer\" data-id=\"3dc14c6\" data-element_type=\"widget\" data-widget_type=\"spacer.default\">\n\t\t\t\t<div class=\"elementor-widget-container\">\n\t\t\t\t\t<div class=\"elementor-spacer\">\n\t\t\t<div class=\"elementor-spacer-inner\"><\/div>\n\t\t<\/div>\n\t\t\t\t<\/div>\n\t\t\t\t<\/div>\n\t\t\t\t<div class=\"elementor-element elementor-element-28e407c elementor-widget elementor-widget-heading\" data-id=\"28e407c\" data-element_type=\"widget\" data-widget_type=\"heading.default\">\n\t\t\t\t<div class=\"elementor-widget-container\">\n\t\t\t<h1 class=\"elementor-heading-title elementor-size-default\">Unsere Zertifizierungen<\/h1>\t\t<\/div>\n\t\t\t\t<\/div>\n\t\t\t\t<div class=\"elementor-element elementor-element-d4e33bb elementor-widget elementor-widget-heading\" data-id=\"d4e33bb\" data-element_type=\"widget\" data-widget_type=\"heading.default\">\n\t\t\t\t<div class=\"elementor-widget-container\">\n\t\t\t<h2 class=\"elementor-heading-title elementor-size-default\">beweisen unsere Qualit\u00e4t<\/h2>\t\t<\/div>\n\t\t\t\t<\/div>\n\t\t\t\t\t\t<\/div>\n\t\t\t\t\t<\/div>\n\t\t<\/div>\n\t\t\t\t\t\t\t\t<\/div>\n\t\t\t\t\t<\/div>\n\t\t<\/section>\n\t\t\t\t<section class=\"elementor-section elementor-top-section elementor-element elementor-element-0a6fa12 elementor-section-boxed elementor-section-height-default elementor-section-height-default\" data-id=\"0a6fa12\" data-element_type=\"section\">\n\t\t\t\t\t\t<div class=\"elementor-container elementor-column-gap-default\">\n\t\t\t\t\t\t\t<div class=\"elementor-row\">\n\t\t\t\t\t<div class=\"elementor-column elementor-col-100 elementor-top-column elementor-element elementor-element-a564015\" data-id=\"a564015\" data-element_type=\"column\">\n\t\t\t<div class=\"elementor-column-wrap elementor-element-populated\">\n\t\t\t\t\t\t\t<div class=\"elementor-widget-wrap\">\n\t\t\t\t\t\t<div class=\"elementor-element elementor-element-f95b227 elementor-widget elementor-widget-text-editor\" data-id=\"f95b227\" data-element_type=\"widget\" data-widget_type=\"text-editor.default\">\n\t\t\t\t<div class=\"elementor-widget-container\">\n\t\t\t\t\t\t\t\t<div class=\"elementor-text-editor elementor-clearfix\">\n\t\t\t\t<p>Qualit\u00e4t wird bei uns gro\u00df geschrieben und unser eignes Qualit\u00e4tsmanagement setzt alles daran, unsere Qualit\u00e4tsstandards kontinuierlich weiter auszubauen. Unsere hohen Standards im Qualit\u00e4tsmanagement sind in unserem Unternehmen nach der Euro Norm DIN EN ISO 9001:2015 zertifiziert. Die Zertifizierung im Bereich Umwelt nach DIN EN ISO 14001:2015 zeigt, dass f\u00fcr uns nachhaltiges Wirtschaften wichtig ist.<\/p><p>Wir sind zudem als GDP-Compliant zertifiziert, was unsere hohe Qualit\u00e4t best\u00e4tigt. Damit halten wir die Anforderungen aus der EU-GDP-Guideline (2013\/C 343\/01) ein.<\/p><p>Die Basis unseres Erfolgs ist unser Team erfahrener und qualifizierter Fachleute. Viele unserer gut geschulten und erfahrenen Mitarbeitenden sind bereits seit Langem, zum Teil seit Jahrzehnten, Teil des Teams. Dank regelm\u00e4\u00dfiger Fort- und Weiterbildungen sind unsere Fachleute immer auf dem neusten Wissensstand und garantieren so eine hochwertige und zuverl\u00e4ssige Ausf\u00fchrung ihrer Aufgaben.<\/p>\t\t\t\t\t<\/div>\n\t\t\t\t\t\t<\/div>\n\t\t\t\t<\/div>\n\t\t\t\t\t\t<\/div>\n\t\t\t\t\t<\/div>\n\t\t<\/div>\n\t\t\t\t\t\t\t\t<\/div>\n\t\t\t\t\t<\/div>\n\t\t<\/section>\n\t\t\t\t<section class=\"elementor-section elementor-top-section elementor-element elementor-element-af65597 elementor-section-boxed elementor-section-height-default elementor-section-height-default\" data-id=\"af65597\" data-element_type=\"section\">\n\t\t\t\t\t\t<div class=\"elementor-container elementor-column-gap-default\">\n\t\t\t\t\t\t\t<div class=\"elementor-row\">\n\t\t\t\t\t<div class=\"elementor-column elementor-col-33 elementor-top-column elementor-element elementor-element-e64fe16\" data-id=\"e64fe16\" data-element_type=\"column\">\n\t\t\t<div class=\"elementor-column-wrap elementor-element-populated\">\n\t\t\t\t\t\t\t<div class=\"elementor-widget-wrap\">\n\t\t\t\t\t\t<div class=\"elementor-element elementor-element-43f9f1c elementor-widget elementor-widget-image\" data-id=\"43f9f1c\" data-element_type=\"widget\" data-widget_type=\"image.default\">\n\t\t\t\t<div class=\"elementor-widget-container\">\n\t\t\t\t\t\t\t\t<div class=\"elementor-image\">\n\t\t\t\t\t\t\t\t\t<figure class=\"wp-caption\">\n\t\t\t\t\t\t\t\t\t\t\t<a href=\"https:\/\/www.hofmann-spedition.de\/cms\/wp-content\/uploads\/2025\/08\/Zertifikat-DIN-ISO-9001-2015-Hofmann-Contract-Logistik-GmbH.pdf\" target=\"_blank\">\n\t\t\t\t\t\t\t<img loading=\"lazy\" decoding=\"async\" width=\"643\" height=\"909\" src=\"https:\/\/www.hofmann-spedition.de\/cms\/wp-content\/uploads\/2025\/08\/Zertifikat-DIN-ISO-9001-2015-Hofmann-Contract-Logistik-GmbH.jpg\" class=\"attachment-large size-large\" alt=\"\" srcset=\"https:\/\/www.hofmann-spedition.de\/cms\/wp-content\/uploads\/2025\/08\/Zertifikat-DIN-ISO-9001-2015-Hofmann-Contract-Logistik-GmbH.jpg 643w, https:\/\/www.hofmann-spedition.de\/cms\/wp-content\/uploads\/2025\/08\/Zertifikat-DIN-ISO-9001-2015-Hofmann-Contract-Logistik-GmbH-212x300.jpg 212w\" sizes=\"(max-width: 643px) 100vw, 643px\" \/>\t\t\t\t\t\t\t\t<\/a>\n\t\t\t\t\t\t\t\t\t\t\t<figcaption class=\"widget-image-caption wp-caption-text\">Zertifikat ISO 9001:2015 (Kontraktlogistik)<\/figcaption>\n\t\t\t\t\t\t\t\t\t\t<\/figure>\n\t\t\t\t\t\t\t\t<\/div>\n\t\t\t\t\t\t<\/div>\n\t\t\t\t<\/div>\n\t\t\t\t\t\t<\/div>\n\t\t\t\t\t<\/div>\n\t\t<\/div>\n\t\t\t\t<div class=\"elementor-column elementor-col-33 elementor-top-column elementor-element elementor-element-f355f95\" data-id=\"f355f95\" data-element_type=\"column\">\n\t\t\t<div class=\"elementor-column-wrap elementor-element-populated\">\n\t\t\t\t\t\t\t<div class=\"elementor-widget-wrap\">\n\t\t\t\t\t\t<div class=\"elementor-element elementor-element-19117bd elementor-widget elementor-widget-image\" data-id=\"19117bd\" data-element_type=\"widget\" data-widget_type=\"image.default\">\n\t\t\t\t<div class=\"elementor-widget-container\">\n\t\t\t\t\t\t\t\t<div class=\"elementor-image\">\n\t\t\t\t\t\t\t\t\t<figure class=\"wp-caption\">\n\t\t\t\t\t\t\t\t\t\t\t<a href=\"https:\/\/www.hofmann-spedition.de\/cms\/wp-content\/uploads\/2025\/08\/Zertifikat-DIN-ISO-14001-2015-Hofmann-Contract-Logistik-GmbH.pdf\" target=\"_blank\">\n\t\t\t\t\t\t\t<img loading=\"lazy\" decoding=\"async\" width=\"643\" height=\"909\" src=\"https:\/\/www.hofmann-spedition.de\/cms\/wp-content\/uploads\/2025\/08\/Zertifikat-DIN-ISO-14001-2015-Hofmann-Contract-Logistik-GmbH.jpg\" class=\"attachment-large size-large\" alt=\"\" srcset=\"https:\/\/www.hofmann-spedition.de\/cms\/wp-content\/uploads\/2025\/08\/Zertifikat-DIN-ISO-14001-2015-Hofmann-Contract-Logistik-GmbH.jpg 643w, https:\/\/www.hofmann-spedition.de\/cms\/wp-content\/uploads\/2025\/08\/Zertifikat-DIN-ISO-14001-2015-Hofmann-Contract-Logistik-GmbH-212x300.jpg 212w\" sizes=\"(max-width: 643px) 100vw, 643px\" \/>\t\t\t\t\t\t\t\t<\/a>\n\t\t\t\t\t\t\t\t\t\t\t<figcaption class=\"widget-image-caption wp-caption-text\">Zertifikat ISO 9001:2015 (Kontraktlogistik)<\/figcaption>\n\t\t\t\t\t\t\t\t\t\t<\/figure>\n\t\t\t\t\t\t\t\t<\/div>\n\t\t\t\t\t\t<\/div>\n\t\t\t\t<\/div>\n\t\t\t\t\t\t<\/div>\n\t\t\t\t\t<\/div>\n\t\t<\/div>\n\t\t\t\t<div class=\"elementor-column elementor-col-33 elementor-top-column elementor-element elementor-element-b08c60f\" data-id=\"b08c60f\" data-element_type=\"column\">\n\t\t\t<div class=\"elementor-column-wrap elementor-element-populated\">\n\t\t\t\t\t\t\t<div class=\"elementor-widget-wrap\">\n\t\t\t\t\t\t<div class=\"elementor-element elementor-element-8cfeb4c elementor-widget elementor-widget-image\" data-id=\"8cfeb4c\" data-element_type=\"widget\" data-widget_type=\"image.default\">\n\t\t\t\t<div class=\"elementor-widget-container\">\n\t\t\t\t\t\t\t\t<div class=\"elementor-image\">\n\t\t\t\t\t\t\t\t\t<figure class=\"wp-caption\">\n\t\t\t\t\t\t\t\t\t\t\t<a href=\"https:\/\/www.hofmann-spedition.de\/cms\/wp-content\/uploads\/2025\/08\/Zertifikat-HACCP-Hofmann-Contract-Logistik-GmbH.pdf\" target=\"_blank\">\n\t\t\t\t\t\t\t<img loading=\"lazy\" decoding=\"async\" width=\"643\" height=\"909\" src=\"https:\/\/www.hofmann-spedition.de\/cms\/wp-content\/uploads\/2025\/08\/Zertifikat-HACCP-Hofmann-Contract-Logistik-GmbH.jpg\" class=\"attachment-large size-large\" alt=\"\" srcset=\"https:\/\/www.hofmann-spedition.de\/cms\/wp-content\/uploads\/2025\/08\/Zertifikat-HACCP-Hofmann-Contract-Logistik-GmbH.jpg 643w, https:\/\/www.hofmann-spedition.de\/cms\/wp-content\/uploads\/2025\/08\/Zertifikat-HACCP-Hofmann-Contract-Logistik-GmbH-212x300.jpg 212w\" sizes=\"(max-width: 643px) 100vw, 643px\" \/>\t\t\t\t\t\t\t\t<\/a>\n\t\t\t\t\t\t\t\t\t\t\t<figcaption class=\"widget-image-caption wp-caption-text\">HACCP - Codex Alimentarius (Kontraktlogistik)<\/figcaption>\n\t\t\t\t\t\t\t\t\t\t<\/figure>\n\t\t\t\t\t\t\t\t<\/div>\n\t\t\t\t\t\t<\/div>\n\t\t\t\t<\/div>\n\t\t\t\t\t\t<\/div>\n\t\t\t\t\t<\/div>\n\t\t<\/div>\n\t\t\t\t\t\t\t\t<\/div>\n\t\t\t\t\t<\/div>\n\t\t<\/section>\n\t\t\t\t<section class=\"elementor-section elementor-top-section elementor-element elementor-element-8642633 elementor-section-boxed elementor-section-height-default elementor-section-height-default\" data-id=\"8642633\" data-element_type=\"section\">\n\t\t\t\t\t\t<div class=\"elementor-container elementor-column-gap-default\">\n\t\t\t\t\t\t\t<div class=\"elementor-row\">\n\t\t\t\t\t<div class=\"elementor-column elementor-col-33 elementor-top-column elementor-element elementor-element-5e12e58\" data-id=\"5e12e58\" data-element_type=\"column\">\n\t\t\t<div class=\"elementor-column-wrap elementor-element-populated\">\n\t\t\t\t\t\t\t<div class=\"elementor-widget-wrap\">\n\t\t\t\t\t\t<div class=\"elementor-element elementor-element-e8afe6a elementor-widget elementor-widget-image\" data-id=\"e8afe6a\" data-element_type=\"widget\" data-widget_type=\"image.default\">\n\t\t\t\t<div class=\"elementor-widget-container\">\n\t\t\t\t\t\t\t\t<div class=\"elementor-image\">\n\t\t\t\t\t\t\t\t\t<figure class=\"wp-caption\">\n\t\t\t\t\t\t\t\t\t\t\t<a href=\"https:\/\/www.hofmann-spedition.de\/cms\/wp-content\/uploads\/2024\/08\/WKIA-Umweltzertifikat_Hofmann-Contract-Logistik.pdf\" target=\"_blank\">\n\t\t\t\t\t\t\t<img loading=\"lazy\" decoding=\"async\" width=\"682\" height=\"964\" src=\"https:\/\/www.hofmann-spedition.de\/cms\/wp-content\/uploads\/2024\/08\/WKIA-Umweltzertifikat_Hofmann-Contract-Logistik.jpg\" class=\"attachment-large size-large\" alt=\"\" srcset=\"https:\/\/www.hofmann-spedition.de\/cms\/wp-content\/uploads\/2024\/08\/WKIA-Umweltzertifikat_Hofmann-Contract-Logistik.jpg 682w, https:\/\/www.hofmann-spedition.de\/cms\/wp-content\/uploads\/2024\/08\/WKIA-Umweltzertifikat_Hofmann-Contract-Logistik-212x300.jpg 212w\" sizes=\"(max-width: 682px) 100vw, 682px\" \/>\t\t\t\t\t\t\t\t<\/a>\n\t\t\t\t\t\t\t\t\t\t\t<figcaption class=\"widget-image-caption wp-caption-text\">WKIA Umweltzertifikat (Kontraktlogistik)<\/figcaption>\n\t\t\t\t\t\t\t\t\t\t<\/figure>\n\t\t\t\t\t\t\t\t<\/div>\n\t\t\t\t\t\t<\/div>\n\t\t\t\t<\/div>\n\t\t\t\t\t\t<\/div>\n\t\t\t\t\t<\/div>\n\t\t<\/div>\n\t\t\t\t<div class=\"elementor-column elementor-col-33 elementor-top-column elementor-element elementor-element-e55beef\" data-id=\"e55beef\" data-element_type=\"column\">\n\t\t\t<div class=\"elementor-column-wrap\">\n\t\t\t\t\t\t\t<div class=\"elementor-widget-wrap\">\n\t\t\t\t\t\t\t\t<\/div>\n\t\t\t\t\t<\/div>\n\t\t<\/div>\n\t\t\t\t<div class=\"elementor-column elementor-col-33 elementor-top-column elementor-element elementor-element-debf606\" data-id=\"debf606\" data-element_type=\"column\">\n\t\t\t<div class=\"elementor-column-wrap\">\n\t\t\t\t\t\t\t<div class=\"elementor-widget-wrap\">\n\t\t\t\t\t\t\t\t<\/div>\n\t\t\t\t\t<\/div>\n\t\t<\/div>\n\t\t\t\t\t\t\t\t<\/div>\n\t\t\t\t\t<\/div>\n\t\t<\/section>\n\t\t\t\t\t\t\t\t\t<\/div>\n\t\t\t<\/div>\n\t\t\t\t\t<\/div>\n\t\t","protected":false},"excerpt":{"rendered":"<p>Unsere Zertifizierungen beweisen unsere Qualit\u00e4t Qualit\u00e4t wird bei uns gro\u00df geschrieben und unser eignes Qualit\u00e4tsmanagement setzt alles daran, unsere Qualit\u00e4tsstandards kontinuierlich weiter auszubauen. Unsere hohen Standards im Qualit\u00e4tsmanagement sind in unserem Unternehmen nach der Euro Norm DIN EN ISO 9001:2015 zertifiziert. Die Zertifizierung im Bereich Umwelt nach DIN EN ISO 14001:2015 zeigt, dass f\u00fcr uns [&hellip;]<\/p>\n","protected":false},"author":1,"featured_media":0,"parent":0,"menu_order":0,"comment_status":"closed","ping_status":"closed","template":"elementor_header_footer","meta":{"footnotes":""},"yoast_head":"<!-- This site is optimized with the Yoast SEO plugin v18.2 - https:\/\/yoast.com\/wordpress\/plugins\/seo\/ -->\n<title>Zertifizierungen - Hofmann Internationale Spedition GmbH<\/title>\n<meta name=\"robots\" content=\"index, follow, max-snippet:-1, max-image-preview:large, max-video-preview:-1\" \/>\n<link rel=\"canonical\" href=\"https:\/\/www.hofmann-spedition.de\/cms\/zertifizierungen\/\" \/>\n<meta property=\"og:locale\" content=\"de_DE\" \/>\n<meta property=\"og:type\" content=\"article\" \/>\n<meta property=\"og:title\" content=\"Zertifizierungen - Hofmann Internationale Spedition GmbH\" \/>\n<meta property=\"og:description\" content=\"Unsere Zertifizierungen beweisen unsere Qualit\u00e4t Qualit\u00e4t wird bei uns gro\u00df geschrieben und unser eignes Qualit\u00e4tsmanagement setzt alles daran, unsere Qualit\u00e4tsstandards kontinuierlich weiter auszubauen. Unsere hohen Standards im Qualit\u00e4tsmanagement sind in unserem Unternehmen nach der Euro Norm DIN EN ISO 9001:2015 zertifiziert. Die Zertifizierung im Bereich Umwelt nach DIN EN ISO 14001:2015 zeigt, dass f\u00fcr uns [&hellip;]\" \/>\n<meta property=\"og:url\" content=\"https:\/\/www.hofmann-spedition.de\/cms\/zertifizierungen\/\" \/>\n<meta property=\"og:site_name\" content=\"Hofmann Internationale Spedition GmbH\" \/>\n<meta property=\"article:modified_time\" content=\"2025-08-29T07:36:56+00:00\" \/>\n<meta property=\"og:image\" content=\"https:\/\/www.hofmann-spedition.de\/cms\/wp-content\/uploads\/2025\/08\/Zertifikat-DIN-ISO-9001-2015-Hofmann-Contract-Logistik-GmbH.jpg\" \/>\n<meta name=\"twitter:card\" content=\"summary_large_image\" \/>\n<meta name=\"twitter:label1\" content=\"Gesch\u00e4tzte Lesezeit\" \/>\n\t<meta name=\"twitter:data1\" content=\"1\u00a0Minute\" \/>\n<script type=\"application\/ld+json\" class=\"yoast-schema-graph\">{\"@context\":\"https:\/\/schema.org\",\"@graph\":[{\"@type\":\"Organization\",\"@id\":\"https:\/\/www.hofmann-spedition.de\/cms\/#organization\",\"name\":\"Hofmann Internationale Spedition\",\"url\":\"https:\/\/www.hofmann-spedition.de\/cms\/\",\"sameAs\":[],\"logo\":{\"@type\":\"ImageObject\",\"@id\":\"https:\/\/www.hofmann-spedition.de\/cms\/#logo\",\"inLanguage\":\"de\",\"url\":\"https:\/\/www.hofmann-spedition.de\/cms\/wp-content\/uploads\/2020\/06\/his_logo.png\",\"contentUrl\":\"https:\/\/www.hofmann-spedition.de\/cms\/wp-content\/uploads\/2020\/06\/his_logo.png\",\"width\":410,\"height\":79,\"caption\":\"Hofmann Internationale Spedition\"},\"image\":{\"@id\":\"https:\/\/www.hofmann-spedition.de\/cms\/#logo\"}},{\"@type\":\"WebSite\",\"@id\":\"https:\/\/www.hofmann-spedition.de\/cms\/#website\",\"url\":\"https:\/\/www.hofmann-spedition.de\/cms\/\",\"name\":\"Hofmann Internationale Spedition GmbH\",\"description\":\"\",\"publisher\":{\"@id\":\"https:\/\/www.hofmann-spedition.de\/cms\/#organization\"},\"potentialAction\":[{\"@type\":\"SearchAction\",\"target\":{\"@type\":\"EntryPoint\",\"urlTemplate\":\"https:\/\/www.hofmann-spedition.de\/cms\/?s={search_term_string}\"},\"query-input\":\"required name=search_term_string\"}],\"inLanguage\":\"de\"},{\"@type\":\"ImageObject\",\"@id\":\"https:\/\/www.hofmann-spedition.de\/cms\/zertifizierungen\/#primaryimage\",\"inLanguage\":\"de\",\"url\":\"https:\/\/www.hofmann-spedition.de\/cms\/wp-content\/uploads\/2025\/08\/Zertifikat-DIN-ISO-9001-2015-Hofmann-Contract-Logistik-GmbH.jpg\",\"contentUrl\":\"https:\/\/www.hofmann-spedition.de\/cms\/wp-content\/uploads\/2025\/08\/Zertifikat-DIN-ISO-9001-2015-Hofmann-Contract-Logistik-GmbH.jpg\",\"width\":643,\"height\":909},{\"@type\":\"WebPage\",\"@id\":\"https:\/\/www.hofmann-spedition.de\/cms\/zertifizierungen\/#webpage\",\"url\":\"https:\/\/www.hofmann-spedition.de\/cms\/zertifizierungen\/\",\"name\":\"Zertifizierungen - Hofmann Internationale Spedition GmbH\",\"isPartOf\":{\"@id\":\"https:\/\/www.hofmann-spedition.de\/cms\/#website\"},\"primaryImageOfPage\":{\"@id\":\"https:\/\/www.hofmann-spedition.de\/cms\/zertifizierungen\/#primaryimage\"},\"datePublished\":\"2020-07-14T21:18:01+00:00\",\"dateModified\":\"2025-08-29T07:36:56+00:00\",\"breadcrumb\":{\"@id\":\"https:\/\/www.hofmann-spedition.de\/cms\/zertifizierungen\/#breadcrumb\"},\"inLanguage\":\"de\",\"potentialAction\":[{\"@type\":\"ReadAction\",\"target\":[\"https:\/\/www.hofmann-spedition.de\/cms\/zertifizierungen\/\"]}]},{\"@type\":\"BreadcrumbList\",\"@id\":\"https:\/\/www.hofmann-spedition.de\/cms\/zertifizierungen\/#breadcrumb\",\"itemListElement\":[{\"@type\":\"ListItem\",\"position\":1,\"name\":\"Startseite\",\"item\":\"https:\/\/www.hofmann-spedition.de\/cms\/\"},{\"@type\":\"ListItem\",\"position\":2,\"name\":\"Zertifizierungen\"}]}]}<\/script>\n<!-- \/ Yoast SEO plugin. -->","yoast_head_json":{"title":"Zertifizierungen - Hofmann Internationale Spedition GmbH","robots":{"index":"index","follow":"follow","max-snippet":"max-snippet:-1","max-image-preview":"max-image-preview:large","max-video-preview":"max-video-preview:-1"},"canonical":"https:\/\/www.hofmann-spedition.de\/cms\/zertifizierungen\/","og_locale":"de_DE","og_type":"article","og_title":"Zertifizierungen - Hofmann Internationale Spedition GmbH","og_description":"Unsere Zertifizierungen beweisen unsere Qualit\u00e4t Qualit\u00e4t wird bei uns gro\u00df geschrieben und unser eignes Qualit\u00e4tsmanagement setzt alles daran, unsere Qualit\u00e4tsstandards kontinuierlich weiter auszubauen. Unsere hohen Standards im Qualit\u00e4tsmanagement sind in unserem Unternehmen nach der Euro Norm DIN EN ISO 9001:2015 zertifiziert. Die Zertifizierung im Bereich Umwelt nach DIN EN ISO 14001:2015 zeigt, dass f\u00fcr uns [&hellip;]","og_url":"https:\/\/www.hofmann-spedition.de\/cms\/zertifizierungen\/","og_site_name":"Hofmann Internationale Spedition GmbH","article_modified_time":"2025-08-29T07:36:56+00:00","og_image":[{"url":"https:\/\/www.hofmann-spedition.de\/cms\/wp-content\/uploads\/2025\/08\/Zertifikat-DIN-ISO-9001-2015-Hofmann-Contract-Logistik-GmbH.jpg"}],"twitter_card":"summary_large_image","twitter_misc":{"Gesch\u00e4tzte Lesezeit":"1\u00a0Minute"},"schema":{"@context":"https:\/\/schema.org","@graph":[{"@type":"Organization","@id":"https:\/\/www.hofmann-spedition.de\/cms\/#organization","name":"Hofmann Internationale Spedition","url":"https:\/\/www.hofmann-spedition.de\/cms\/","sameAs":[],"logo":{"@type":"ImageObject","@id":"https:\/\/www.hofmann-spedition.de\/cms\/#logo","inLanguage":"de","url":"https:\/\/www.hofmann-spedition.de\/cms\/wp-content\/uploads\/2020\/06\/his_logo.png","contentUrl":"https:\/\/www.hofmann-spedition.de\/cms\/wp-content\/uploads\/2020\/06\/his_logo.png","width":410,"height":79,"caption":"Hofmann Internationale Spedition"},"image":{"@id":"https:\/\/www.hofmann-spedition.de\/cms\/#logo"}},{"@type":"WebSite","@id":"https:\/\/www.hofmann-spedition.de\/cms\/#website","url":"https:\/\/www.hofmann-spedition.de\/cms\/","name":"Hofmann Internationale Spedition GmbH","description":"","publisher":{"@id":"https:\/\/www.hofmann-spedition.de\/cms\/#organization"},"potentialAction":[{"@type":"SearchAction","target":{"@type":"EntryPoint","urlTemplate":"https:\/\/www.hofmann-spedition.de\/cms\/?s={search_term_string}"},"query-input":"required name=search_term_string"}],"inLanguage":"de"},{"@type":"ImageObject","@id":"https:\/\/www.hofmann-spedition.de\/cms\/zertifizierungen\/#primaryimage","inLanguage":"de","url":"https:\/\/www.hofmann-spedition.de\/cms\/wp-content\/uploads\/2025\/08\/Zertifikat-DIN-ISO-9001-2015-Hofmann-Contract-Logistik-GmbH.jpg","contentUrl":"https:\/\/www.hofmann-spedition.de\/cms\/wp-content\/uploads\/2025\/08\/Zertifikat-DIN-ISO-9001-2015-Hofmann-Contract-Logistik-GmbH.jpg","width":643,"height":909},{"@type":"WebPage","@id":"https:\/\/www.hofmann-spedition.de\/cms\/zertifizierungen\/#webpage","url":"https:\/\/www.hofmann-spedition.de\/cms\/zertifizierungen\/","name":"Zertifizierungen - Hofmann Internationale Spedition GmbH","isPartOf":{"@id":"https:\/\/www.hofmann-spedition.de\/cms\/#website"},"primaryImageOfPage":{"@id":"https:\/\/www.hofmann-spedition.de\/cms\/zertifizierungen\/#primaryimage"},"datePublished":"2020-07-14T21:18:01+00:00","dateModified":"2025-08-29T07:36:56+00:00","breadcrumb":{"@id":"https:\/\/www.hofmann-spedition.de\/cms\/zertifizierungen\/#breadcrumb"},"inLanguage":"de","potentialAction":[{"@type":"ReadAction","target":["https:\/\/www.hofmann-spedition.de\/cms\/zertifizierungen\/"]}]},{"@type":"BreadcrumbList","@id":"https:\/\/www.hofmann-spedition.de\/cms\/zertifizierungen\/#breadcrumb","itemListElement":[{"@type":"ListItem","position":1,"name":"Startseite","item":"https:\/\/www.hofmann-spedition.de\/cms\/"},{"@type":"ListItem","position":2,"name":"Zertifizierungen"}]}]}},"_links":{"self":[{"href":"https:\/\/www.hofmann-spedition.de\/cms\/wp-json\/wp\/v2\/pages\/617"}],"collection":[{"href":"https:\/\/www.hofmann-spedition.de\/cms\/wp-json\/wp\/v2\/pages"}],"about":[{"href":"https:\/\/www.hofmann-spedition.de\/cms\/wp-json\/wp\/v2\/types\/page"}],"author":[{"embeddable":true,"href":"https:\/\/www.hofmann-spedition.de\/cms\/wp-json\/wp\/v2\/users\/1"}],"replies":[{"embeddable":true,"href":"https:\/\/www.hofmann-spedition.de\/cms\/wp-json\/wp\/v2\/comments?post=617"}],"version-history":[{"count":56,"href":"https:\/\/www.hofmann-spedition.de\/cms\/wp-json\/wp\/v2\/pages\/617\/revisions"}],"predecessor-version":[{"id":5148,"href":"https:\/\/www.hofmann-spedition.de\/cms\/wp-json\/wp\/v2\/pages\/617\/revisions\/5148"}],"wp:attachment":[{"href":"https:\/\/www.hofmann-spedition.de\/cms\/wp-json\/wp\/v2\/media?parent=617"}],"curies":[{"name":"wp","href":"https:\/\/api.w.org\/{rel}","templated":true}]}}